
10101000
In base 14, what is -3 + -2b?
-30
In base 2, what is 101110101 + 10?
101110111
In base 12, what is 14b - -1?
150
In base 12, what is 2bb - 4?
2b7
In base 12, what is 6 + 24a?
254
In base 10, what is 2 + -51?
-49
In base 12, what is -2 - 1418?
-141a
In base 3, what is 2211 + -20?
2121
In base 16, what is -4 + -7f?
-83
In base 3, what is -1 - -21000?
20222
In base 7, what is 60 + 3?
63
In base 9, what is -34 + 1?
-33
In base 8, what is 33 + 376?
431
In base 8, what is 11137 + -4?
11133
In base 4, what is 233 + -1?
232
In base 2, what is 10 - 110?
-100
In base 8, what is -3 - 657?
-662
In base 9, what is -1006 - -1?
-1005
In base 9, what is 154 + 3?
157
In base 15, what is 6 - 264?
-25d
In base 6, what is -113 - -1?
-112
In base 3, what is -22 + -12?
-111
In base 7, what is -124 - -14?
-110
In base 16, what is 2 + 27?
29
In base 2, what is -1101 + -10110010000?
-10110011101
In base 4, what is 100 + -133?
-33
In base 9, what is -33 - -5?
-27
In base 8, what is 45 + 4?
51
In base 5, what is 4 - 201334?
-201330
In base 13, what is -cc2 + 5?
-cba
In base 9, what is -185 + -5?
-201
In base 10, what is 50 + 92?
142
In base 12, what is 12 + -2?
10
In base 16, what is 247 + 0?
247
In base 5, what is -10 - -4143?
4133
In base 7, what is -2 - -54?
52
In base 6, what is 2422 - -5?
2431
In base 9, what is 336 - 2?
334
In base 15, what is 4 - -b62?
b66
In base 5, what is 102240 - 3?
102232
In base 8, what is 4532 - 1?
4531
In base 3, what is 12 + 220111?
220200
In base 10, what is 1898 + 5?
1903
In base 12, what is -b2 + -2?
-b4
In base 14, what is 6ba + -2?
6b8
In base 5, what is 431 + 11?
442
In base 15, what is 148c + -4?
1488
In base 7, what is -2 + -11126?
-11131
In base 6, what is 2 + -454?
-452
In base 3, what is 111210120 + 11?
111210201
In base 16, what is 1cf + -5?
1ca
In base 2, what is 110 - -11111?
100101
In base 16, what is -a8 - -5?
-a3
In base 7, what is 2 - -202?
204
In base 2, what is 101 + -10100?
-1111
In base 2, what is 1111 - -1111001?
10001000
In base 3, what is -11 - 121?
-202
In base 12, what is 4 - 236?
-232
In base 15, what is 20 - 4?
1b
In base 8, what is 2 + 345?
347
In base 8, what is 0 - 320?
-320
In base 7, what is 213 + -3?
210
In base 16, what is -8 + 45?
3d
In base 14, what is -3 - 917?
-91a
In base 3, what is -120 + -100?
-220
In base 10, what is -8 + -12?
-20
In base 16, what is 3 - 16?
-13
In base 15, what is -8 + -3?
-b
In base 3, what is 11 - 110002?
-102221
In base 16, what is 4 + 1a?
1e
In base 16, what is -74 - 4?
-78
In base 12, what is -603 - -1?
-602
In base 4, what is -1021 - -2?
-1013
In base 8, what is -6 - 70?
-76
In base 16, what is f1c - -2?
f1e
In base 8, what is -3 - 1110?
-1113
In base 10, what is 5 + -30?
-25
In base 3, what is -2100222 + 0?
-2100222
In base 10, what is -1 - -813?
812
In base 3, what is 2 + 1201?
1210
In base 11, what is 2 - 364?
-362
In base 11, what is 3 - 69?
-66
In base 11, what is a + 32?
41
In base 8, what is -4 + -25?
-31
In base 12, what is 13 - 3?
10
In base 5, what is 123 + 2021?
2144
In base 16, what is -2 + 28?
26
In base 6, what is 35 - -4?
43
In base 14, what is 5d28 + -2?
5d26
In base 3, what is 12 - 211?
-122
In base 13, what is -3 - -28?
25
In base 15, what is -e + -26?
-35
In base 10, what is -1 + -93?
-94
In base 15, what is 2 - -17d1?
17d3
In base 16, what is -1 - -1a?
19
In base 7, what is 301 + -4?
264
In base 5, what is 14431 + 3?
14434
In base 2, what is 110 + -101?
1
In base 5, what is -2 - -2104?
2102
In base 4, what is -103320 + -2?
-103322
In base 11, what is 0 - 17?
-17
In base 16, what is -3 + -6d?
-70
In base 9, what is -3325 - -3?
-3322
In base 11, what is 22a5 - -1?
22a6
In base 4, what is 20 + -3?
11
In base 16, what is 1a - a0?
-86
In base 5, what is -4024 + -11?
-4040
In base 7, what is 53610 - 2?
53605
In base 15, what is 13 + -a?
8
In base 7, what is 2213 - -45?
2261
In base 13, what is 10 + -27?
-17
In base 13, what is -1 + -352?
-353
In base 4, what is 3 - 1131?
-1122
In base 12, what is 1 + -4a?
-49
In base 16, what is -1049 + -2?
-104b
In base 10, what is -4 + 605?
601
In base 16, what is -7 - -6ec?
6e5
In base 4, what is 10 + -332020?
-332010
In base 3, what is 111 + 101210?
102021
In base 5, what is -10 - 31430?
-31440
In base 13, what is ab6 + 2?
ab8
In base 14, what is -2 + -b0?
-b2
In base 11, what is 5 + -2a95?
-2a90
In base 14, what is -7a9 - 2?
-7ab
In base 14, what is -89 + 0?
-89
In base 7, what is 5 - 0?
5
In base 16, what is -66 - b?
-71
In base 13, what is -68 + 3?
-65
In base 7, what is -31 - -231?
200
In base 9, what is -2 + -24?
-26
In base 12, what is -353a + -2?
-3540
In base 15, what is -5 + 1be?
1b9
In base 11, what is -16 - 203?
-219
In base 16, what is -b9 + 5?
-b4
In base 6, what is -10 + -2020?
-2030
In base 12, what is -473 - -5?
-46a
In base 7, what is -2 - 230?
-232
In base 4, what is -2123 + 13?
-2110
In base 13, what is 6 + -130?
-127
In base 4, what is 113 + -12?
101
In base 9, what is 1 + -26?
-25
In base 15, what is 13d - 2?
13b
In base 12, what is -1a6 + 2?
-1a4
In base 6, what is 413 + 2?
415
In base 11, what is a63 - 5?
a59
In base 13, what is -5 - 84?
-89
In base 3, what is 2210011 - 1?
2210010
In base 8, what is -657 - -37?
-620
In base 6, what is 2 + -320?
-314
In base 7, what is -35 - 106?
-144
In base 13, what is 28a - 1?
289
In base 5, what is 4 + -103?
-44
In base 11, what is -1 - 792?
-793
In base 5, what is 102 + -124?
-22
In base 16, what is -74 - 13?
-87
In base 13, what is 3 + 18c?
192
In base 11, what is 4 - -6?
a
In base 14, what is -3 + -312?
-315
In base 6, what is 11 - 12?
-1
In base 13, what is 3 - -165?
168
In base 16, what is -512 + -4?
-516
In base 9, what is 1 + -224?
-223
In base 13, what is -2 + 0?
-2
In base 7, what is -2 + -16?
-21
In base 7, what is 104 + 234?
341
In base 8, what is -3 + 71?
66
In base 6, what is -2 + -52?
-54
In base 8, what is -102 + 106?
4
In base 2, what is 10 + 110110?
111000
In base 4, what is 3 - 30220?
-30211
In base 7, what is 25 + 10?
35
In base 9, what is -4 - 116?
-121
In base 6, what is -20412 - 4?
-20420
In base 15, what is -1 - -1a5?
1a4
In base 10, what is -6 - 1133?
-1139
In base 16, what is d + -8?
5
In base 4, what is -1 + -23?
-30
In base 5, what is -102 + 310?
203
In base 13, what is 6 + 97?
a0
In base 14, what is -259 + -5?
-260
In base 15, what is -3b + 10c?
c1
In base 12, what is 5 - -81?
86
In base 8, what is -2063 + 4?
-2057
In base 11, what is -1a64 - -1?
-1a63
In base 16, what is -5 + 71?
6c
In base 6, what is 1435 - 35?
1400
In base 4, what is -20 - 22302?
-22322
In base 2, what is -11101010100 + 101?
-11101001111
In base 7, what is 114 + 203?
320
In base 7, what is -4330 + 5?
-4322
In base 11, what is -5 + -16a?
-174
In base 15, what is 3 + 14b?
14e
In base 7, what is -1 + -115?
-116
In base 16, what is 46 - -19?
5f
In base 14, what is -5 + 663?
65c
In base 4, what is 0 + 231320?
231320
In base 16, what is -a + 197?
18d
In base 13, what is 12 - -2b6?
2c8
In base 3, what is 2010002 - -10?
2010012
In base 2, what is 1101 - 1010000?
-1000011
In base 13, what is 6 - -72?
78
In base 4, what is 33002 - 11?
32331
In base 16, what is 3 - -8?
b
In base 11, what is 23 + -58?
-35
In base 13, what is 116 + -25?
c1
In base 9, what is 1 + 72?
73
In base 13, what is -582b + 1?
-582a
In base 10, what is 4 + -2599?
-2595
In base 9, what is 120 + 0?
120
In base 6, what is 4 + -32255?
-32251
In base 8, what is 4 + -1227?
-1223
In base 16, what is 5 - 25?
-20
In base 13, what is -a96 - 1?
-a97
In base 7, what is 4 - -2614?
2621
In base 15, what is 2 - dc?
-da
In base 2, what is 1111 - -11010?
101001
In base 15, what is 2 + 7?
9
In base 6, what is 10 + -4210?
-4200
In base 15, what is -3 + 5a?
57
In base 15, what is -5 + -2c?
-32
In base 12, what is -2 - -84?
82
In base 2, what is -10110 + -10000?
-100110
In base 9, what is -71 + -12?
-83
In base 15, what is -13d7 + 5?
-13d2
In base 3, what is -10 + -222?
-1002
In base 5, what is -10 - 133134?
-133144
In base 10, what is -213 + 21?
-192
In base 12, what is 2 + 991?
993
In base 2, what is -101 + 100101?
100000
In base 14, what is 4d7 + 14?
50b
In base 11, what is 1 + -47?
-46
In base 3, what is -2 + -1221?
-2000
In base 4, what is -130 - -10?
-120
In base 10, what is 925 + -12?
913
In base 8, wha